5039443 prime?
True
Is 4820390669 prime?
False
Is 598933543 prime?
False
Is 2269353979 prime?
True
Is 1000184321 a composite number?
True
Is 89627761721 composite?
False
Is 80018515 composite?
True
Is 3906079721 composite?
False
Is 170103452953 a prime number?
False
Is 712363063 a prime number?
False
Is 1763996417 composite?
False
Is 66164908039 a composite number?
True
Is 45558232177 a prime number?
True
Is 30946972633 a composite number?
False
Is 18423919751 composite?
True
Is 297939537157 composite?
False
Is 925600597 composite?
True
Is 45506465921 a prime number?
False
Is 1806876023 a composite number?
True
Is 4695104773 a composite number?
True
Is 57853038149 composite?
False
Is 31609247 a prime number?
False
Is 100084607627 composite?
False
Is 38100069335 a prime number?
False
Is 129603662087 a prime number?
False
Is 233855411 composite?
False
Is 51474879881 a composite number?
True
Is 168127231 a composite number?
False
Is 62161500283 a prime number?
True
Is 279544637 prime?
True
Is 238101641 a composite number?
False
Is 291389561 prime?
False
Is 4167554273 prime?
True
Is 2839520847 a composite number?
True
Is 9165073669 a composite number?
False
Is 967464139 a prime number?
False
Is 5246147401 a composite number?
True
Is 383868733 prime?
True
Is 992545573 prime?
False
Is 1550465753 composite?
False
Is 8356593607 a prime number?
False
Is 3424408951 a composite number?
False
Is 77226212221 a composite number?
False
Is 957674581 a composite number?
False
Is 441091951 a prime number?
True
Is 52983984923 prime?
True
Is 1451309071 prime?
False
Is 374418911 prime?
False
Is 11466969245 composite?
True
Is 1896169481 a composite number?
True
Is 266007672559 a composite number?
True
Is 1089247083 a composite number?
True
Is 515250779 a prime number?
False
Is 2106997813 prime?
False
Is 1149723941 a prime number?
True
Is 24054120089 a composite number?
True
Is 4030026547 prime?
True
Is 4056881237 a composite number?
True
Is 143245567 a composite number?
False
Is 30842614421 a prime number?
True
Is 26320991 prime?
False
Is 2029035703 a prime number?
True
Is 2915332113 composite?
True
Is 80713625059 prime?
True
Is 44996256871 a prime number?
True
Is 527295859 composite?
False
Is 7963938803 a composite number?
False
Is 182828721 a composite number?
True
Is 1070137371 a composite number?
True
Is 132381243091 prime?
False
Is 53482404603 a composite number?
True
Is 13178601763 composite?
True
Is 2861366351 a prime number?
False
Is 3381653659 a prime number?
False
Is 856100173 composite?
False
Is 616714079 a prime number?
False
Is 89537753183 a prime number?
False
Is 1617531941 composite?
False
Is 12276553 a prime number?
True
Is 349028129743 prime?
False
Is 1169063209 composite?
True
Is 1211911881 a prime number?
False
Is 15713826753 composite?
True
Is 1741873821 a composite number?
True
Is 6013293761 a prime number?
False
Is 241004941 composite?
False
Is 68830485133 composite?
True
Is 26765678717 composite?
True
Is 29708157703 a prime number?
False
Is 2624139719 a prime number?
False
Is 360629609 prime?
True
Is 42659621 composite?
False
Is 397899493 a composite number?
False
Is 7645016081 prime?
False
Is 622581061 a composite number?
True
Is 102856953281 a composite number?
True
Is 374869013 a prime number?
False
Is 646134869 a composite number?
False
Is 394206731 prime?
False
Is 18528647053 composite?
True
Is 3796312589 a prime number?
True
Is 44566652963 composite?
True
Is 1621905391 a composite number?
True
Is 2962861409 composite?
True
Is 203370731 a composite number?
True
Is 1014689621 prime?
False
Is 3817739429 a composite number?
True
Is 50753970521 a composite number?
True
Is 9192367819 prime?
True
Is 22276845197 composite?
True
Is 10565698681 a composite number?
False
Is 990485291 a composite number?
True
Is 4159341071 a composite number?
False
Is 138976541891 composite?
True
Is 489344981 a prime number?
False
Is 13639732781 a prime number?
True
Is 11773004933 prime?
True
Is 4333152139 a composite number?
True
Is 2364308179 a prime number?
True
Is 17720372897 prime?
False
Is 1793131547 prime?
True
Is 2079530407 composite?
False
Is 34650654869 prime?
False
Is 3613700481 composite?
True
Is 4655993731 composite?
True
Is 1917736439 prime?
True
Is 1761453289 a prime number?
True
Is 7287758053 composite?
False
Is 449769403 composite?
False
Is 3101722381 prime?
True
Is 310892767 prime?
True
Is 9208071979 a composite number?
False
Is 2410893841 composite?
True
Is 14937188271 a composite number?
True
Is 60335618881 prime?
True
Is 262869329861 a prime number?
False
Is 783693431 a prime number?
True
Is 7410499973 composite?
True
Is 2933878067 composite?
True
Is 1473473597 prime?
True
Is 13393643269 prime?
False
Is 14016705851 a composite number?
False
Is 5458544929 a prime number?
False
Is 41653049 a composite number?
False
Is 540596239 a composite number?
False
Is 72062010043 a prime number?
False
Is 23738800009 a prime number?
False
Is 221133493 a prime number?
False
Is 2391485267 a prime number?
False
Is 1559827949 composite?
True
Is 8618068741 prime?
True
Is 18863511001 composite?
False
Is 2959679605 prime?
False
Is 5940005377 a composite number?
True
Is 245935667953 a prime number?
True
Is 116287739 a prime number?
True
Is 876863069 a composite number?
False
Is 5777017667 prime?
False
Is 136746437 composite?
False
Is 347939923 a prime number?
False
Is 36939343873 a prime number?
True
Is 33485154623 a prime number?
False
Is 11181860029 prime?
True
Is 8526565753 composite?
False
Is 4216812431 a prime number?
False
Is 17345533909 a prime number?
False
Is 359731021 a prime number?
False
Is 138284457 a composite number?
True
Is 174971621 composite?
True
Is 1793856373 composite?
False
Is 930556069 a composite number?
True
Is 6362485361 prime?
False
Is 143204194019 composite?
False
Is 10616824847 a composite number?
False
Is 14017193689 a composite number?
False
Is 7185694141 composite?
False
Is 3337277623 a prime number?
True
Is 83392326341 a prime number?
True
Is 34490649 composite?
True
Is 60407297051 composite?
True
Is 6218496659 composite?
True
Is 1288772011 a composite number?
False
Is 759581881 a composite number?
True
Is 375172913 a composite number?
True
Is 54537849257 composite?
True
Is 36598745537 composite?
True
Is 7813839407 prime?
False
Is 187982647 a prime number?
False
Is 31269809 composite?
True
Is 2698768949 a composite number?
True
Is 647021597 a prime number?
False
Is 1234371109 a composite number?
True
Is 85224437993 prime?
False
Is 9976158337 a composite number?
True
Is 6951751777 a composite number?
False
Is 15391238431 composite?
False
Is 1411075439 a prime number?
False
Is 1028500063 a composite number?
True
Is 5257359087 prime?
False
Is 11738143381 a prime number?
True
Is 80319652889 prime?
False
Is 258963542 a composite number?
True
Is 4351022939 a composite number?
False
Is 446199157 composite?
False
Is 24017337431 a composite number?
False
Is 30182105651 prime?
True
Is 582477523 a composite number?
False
Is 1199673959 composite?
True
Is 352657373 a prime number?
True
Is 403556947 a composite number?
False
Is 3400130035 a composite number?
True
Is 8458461131 composite?
False
Is 1908967681 prime?
True
Is 1040984849 composite?
True
Is 33430147 a composite number?
False
Is 156031965191 a composite number?
True
Is 72442919 a composite number?
False
Is 58268921693 a prime number?
False
Is 2071473967 prime?
True
Is 553951471 a prime number?
True
Is 7738936067 prime?
True
Is 113582941063 prime?
False
Is 7913194957 composite?
True
Is 2770893409 a composite number?
True
Is 2831441603 prime?
True
Is 749336429 prime?
False
Is 4320813059 prime?
True
Is 2408214443 prime?
True
Is 4720218157 a composite number?
True
Is 33609997943 a composite number?
False
Is 3099713389 prime?
True
Is 73285913 prime?
True
Is 1005484511 a composite number?
True
Is 770705771 a prime number?
False
Is 18089658091 a composite number?
False
Is 287769929 prime?
False
Is 499162753 a prime number?
False
Is 2705651239 composite?
False
Is 2622730621 composite?
True
Is 3999081587 prime?
True
Is 81893596699 a composite number?
False
Is 2146308103 a composite number?
True
Is 38893576457 composite?
False
Is 1736250757 prime?
True
Is 4662592793 composite?
False
Is 8110775